e the remainder when 818415 is divided by 742.
731
Calculate the remainder when 377248 is divided by 30.
28
What is the remainder when 3255 is divided by 999?
258
Calculate the remainder when 3679292 is divided by 1226427.
11
What is the remainder when 14191 is divided by 4665?
196
Calculate the remainder when 24098 is divided by 268.
246
Calculate the remainder when 183258 is divided by 196.
194
What is the remainder when 1707 is divided by 39?
30
Calculate the remainder when 20844 is divided by 1045.
989
Calculate the remainder when 727 is divided by 68.
47
Calculate the remainder when 8520 is divided by 58.
52
Calculate the remainder when 46094 is divided by 134.
132
Calculate the remainder when 68729 is divided by 6.
5
Calculate the remainder when 279694 is divided by 12160.
14
Calculate the remainder when 99704 is divided by 58.
2
What is the remainder when 135560 is divided by 52?
48
Calculate the remainder when 2142 is divided by 659.
165
Calculate the remainder when 7695 is divided by 848.
63
What is the remainder when 85005 is divided by 169?
167
Calculate the remainder when 7361 is divided by 1345.
636
What is the remainder when 327972 is divided by 5?
2
What is the remainder when 1044 is divided by 173?
6
Calculate the remainder when 1984 is divided by 1905.
79
What is the remainder when 187052 is divided by 434?
432
What is the remainder when 30689 is divided by 226?
179
Calculate the remainder when 370293 is divided by 888.
885
Calculate the remainder when 7740 is divided by 181.
138
Calculate the remainder when 3882 is divided by 101.
44
Calculate the remainder when 8289 is divided by 33.
6
Calculate the remainder when 20408 is divided by 464.
456
Calculate the remainder when 129055 is divided by 445.
5
What is the remainder when 768 is divided by 289?
190
Calculate the remainder when 704 is divided by 683.
21
Calculate the remainder when 866676 is divided by 14.
6
What is the remainder when 17230 is divided by 16?
14
Calculate the remainder when 27877 is divided by 1266.
25
What is the remainder when 1354 is divided by 1295?
59
What is the remainder when 54734 is divided by 1429?
432
Calculate the remainder when 9806 is divided by 212.
54
Calculate the remainder when 243846 is divided by 17417.
8
Calculate the remainder when 107285 is divided by 3831.
17
Calculate the remainder when 1181249 is divided by 5.
4
Calculate the remainder when 39134 is divided by 34.
0
What is the remainder when 28882 is divided by 455?
217
Calculate the remainder when 85861 is divided by 2044.
13
What is the remainder when 12448 is divided by 271?
253
Calculate the remainder when 20672 is divided by 2294.
26
What is the remainder when 517 is divided by 26?
23
What is the remainder when 50236 is divided by 31?
16
What is the remainder when 3055 is divided by 207?
157
What is the remainder when 277 is divided by 193?
84
Calculate the remainder when 172796 is divided by 100.
96
Calculate the remainder when 69901 is divided by 61.
56
Calculate the remainder when 28239 is divided by 358.
315
What is the remainder when 42878 is divided by 320?
318
What is the remainder when 923057 is divided by 100?
57
Calculate the remainder when 326972 is divided by 326960.
12
What is the remainder when 16180 is divided by 195?
190
What is the remainder when 519949 is divided by 659?
657
What is the remainder when 39450 is divided by 607?
602
Calculate the remainder when 4130 is divided by 576.
98
What is the remainder when 407238 is divided by 11?
7
What is the remainder when 63287 is divided by 31613?
61
Calculate the remainder when 49201 is divided by 74.
65
Calculate the remainder when 136924 is divided by 213.
178
What is the remainder when 631548 is divided by 210515?
3
What is the remainder when 4270 is divided by 204?
190
Calculate the remainder when 601 is divided by 103.
86
Calculate the remainder when 23694 is divided by 986.
30
What is the remainder when 3206 is divided by 1059?
29
Calculate the remainder when 69737 is divided by 287.
283
What is the remainder when 20981 is divided by 76?
5
What is the remainder when 5690 is divided by 5?
0
Calculate the remainder when 7686 is divided by 12.
6
Calculate the remainder when 206911 is divided by 103445.
21
Calculate the remainder when 5112 is divided by 1084.
776
Calculate the remainder when 4211 is divided by 837.
26
Calculate the remainder when 100055 is divided by 25000.
55
What is the remainder when 19846 is divided by 707?
50
What is the remainder when 1442 is divided by 20?
2
What is the remainder when 2889 is divided by 777?
558
Calculate the remainder when 25417 is divided by 3177.
1
What is the remainder when 3620 is divided by 598?
32
Calculate the remainder when 69474 is divided by 397.
396
What is the remainder when 30185 is divided by 43?
42
Calculate the remainder when 8308 is divided by 2739.
91
Calculate the remainder when 21965 is divided by 758.
741
What is the remainder when 9105 is divided by 7?
5
What is the remainder when 1792 is divided by 98?
28
Calculate the remainder when 1179 is divided by 636.
543
What is the remainder when 2131 is divided by 3?
1
What is the remainder when 1633 is divided by 94?
35
Calculate the remainder when 10952 is divided by 608.
8
What is the remainder when 22224 is divided by 258?
36
Calculate the remainder when 7020 is divided by 855.
180
What is the remainder when 37015 is divided by 21?
13
Calculate the remainder when 2816266 is divided by 91.
89
What is the remainder when 2252 is divided by 90?
2
What is the remainder when 7858 is divided by 1940?
98
Calculate the remainder when 414122 is divided by 61.
54
What is the remainder when 162706 is divided by 36?
22
What is the remainder when 53631 is divided by 17871?
18
Calculate the remainder when 89197 is divided by 153.
151
What is the remainder when 652 is divided by 93?
1
Calculate the remainder when 1403 is divided by 1223.
180
What is the remainder when 35017 is divided by 68?
65
Calculate the remainder when 24644 is divided by 12280.
84
What is the remainder when 15545 is divided by 576?
569
What is the remainder when 734 is divided by 244?
2
What is the remainder when 706785 is divided by 87?
84
What is the remainder when 520515 is divided by 77?
72
Calculate the remainder when 45696 is divided by 3045.
21
What is the remainder when 1254519 is divided by 188?
183
Calculate the remainder when 190738 is divided by 47669.
62
What is the remainder when 20063 is divided by 33?
32
Calculate the remainder when 480062 is divided by 87.
83
What is the remainder when 4156 is divided by 490?
236
What is the remainder when 5727669 is divided by 81?
78
What is the remainder when 1114 is divided by 531?
52
Calculate the remainder when 36655 is divided by 37.
25
What is the remainder when 1458203 is divided by 22?
21
Calculate the remainder when 898595 is divided by 41.
39
Calculate the remainder when 714 is divided by 99.
21
What is the remainder when 7092 is divided by 26?
20
Calculate the remainder when 2007 is divided by 981.
45
Calculate the remainder when 12503 is divided by 1388.
11
Calculate the remainder when 71914 is divided by 71.
62
What is the remainder when 13783 is divided by 44?
11
Calculate the remainder when 7763 is divided by 430.
23
What is the remainder when 18191 is divided by 11?
8
What is the remainder when 1976 is divided by 257?
177
What is the remainder when 8641201 is divided by 1258?
1257
What is the remainder when 224847 is divided by 269?
232
What is the remainder when 7558 is divided by 200?
158
What is the remainder when 124 is divided by 87?
37
What is the remainder when 580424 is divided by 75?
74
What is the remainder when 8327 is divided by 1037?
31
Calculate the remainder when 227090 is divided by 177.
176
Calculate the remainder when 11441 is divided by 5718.
5
What is the remainder when 915 is divided by 452?
11
Calculate the remainder when 649455 is divided by 81.
78
Calculate the remainder when 9115 is divided by 4519.
77
What is the remainder when 51289 is divided by 10248?
49
What is the remainder when 9320 is divided by 1165?
0
Calculate the remainder when 14258 is divided by 2825.
133
What is the remainder when 93236 is divided by 259?
255
What is the remainder when